j - 252 = 3*f, 5*f - 6 - 14 = 0. Suppose -4*b + j = 2*b. Suppose t - 108 = -31. What is the highest common divisor of b and t?
11
Let i be 212/6 + (-4)/(-6). Let r be (15/3)/(-2 - -3). Let x(v) = v**3 - 5*v**2 + 2*v + 2. Let s be x(r). What is the greatest common divisor of s and i?
12
Let l = -1 - -3. What is the greatest common divisor of 16 and l?
2
Let d be -4 + 2 - (-3 + -2). Suppose m - b - 199 = 0, d*b = 2*m - 89 - 310. What is the highest common factor of m and 18?
18
Let m = -2 - -11. Suppose -3*x - 5*r + 253 = -0*r, -4*x + 3*r = -318. What is the greatest common divisor of x and m?
9
Let q = 196 - 171. What is the highest common divisor of 25 and q?
25
Let u(j) = -2*j - 18. Let t be u(-11). Let m be t - (6 + -3 + -1). What is the greatest common factor of m and 4?
2
Let f be (-2 + 0 - -13)*1. Calculate the highest common divisor of 55 and f.
11
Let h(d) = d**2 - 3*d + 3. Let v be h(3). Suppose v*c = -364 + 25. Let k = 164 + c. What is the highest common factor of 17 and k?
17
Let p(b) = -b**3 + 7*b + 9. Let j be p(-4). Calculate the greatest common divisor of 225 and j.
45
Let t be 0 + (-9)/(-6) + (-54)/(-4). What is the highest common factor of t and 3?
3
Let d(n) = -n**3 - 7*n**2 - 10*n - 7. Let c = -11 + 5. Let m be d(c). What is the greatest common factor of m and 17?
17
Let i be 280/50 - (-2)/5. Let p = 8 - 6. Calculate the greatest common divisor of i and p.
2
Suppose -5*i = 3*q + 44, q + 3*q = -4*i - 40. Let j = i - -11. What is the greatest common divisor of 4 and j?
4
Suppose -27 = 105*q - 108*q. Calculate the greatest common factor of q and 153.
9
Suppose 0*r - 4 = -r. Let n(d) = -d**3 - 9*d**2 + 8*d - 8. Let u be n(-10). Calculate the highest common divisor of u and r.
4
Let n be (-2)/(-8) - 33/(-12). Suppose -n*m - 1 + 37 = 0. Calculate the greatest common factor of 4 and m.
4
Let v be (-1)/(-7)*2 - 96/(-7). Calculate the highest common divisor of 70 and v.
14
Let t(i) = 8*i - 4 + i**3 + 9*i**2 - i**2 + 2. Let f be t(-6). Suppose -3*r = -4*r + 22. What is the greatest common divisor of f and r?
22
Let t = -46 + 136. Suppose -3*p + t = 2*p. Let u = -24 + 42. What is the highest common factor of p and u?
18
Let l be (2/4)/(2/24). Suppose 0 = z - l*z + 115. Suppose -3*n = -t + z, -2*n - 2 - 2 = 0. Calculate the highest common factor of t and 153.
17
Suppose 0 = -s - s + 72. Let c be 2/(-8) + 3/12. Suppose c = -5*p - f + 17, -2*p = 2*p + 2*f - 10. Calculate the highest common divisor of p and s.
4
Let c be (-3 - 76/8)*-4. Let s = 4 + -3. Let t be ((10*-2)/(-2))/s. What is the greatest common factor of c and t?
10
Suppose 45 = 2*a - 3*u, 0*a = a - 5*u - 19. Let q be 12/3 - (-1 + 1). Suppose -q*k = k - 30. What is the greatest common divisor of k and a?
6
Let n be (-416)/(-30) + (-10)/(-75). What is the highest common divisor of n and 4?
2
Let t(l) = -25*l - 1. Let j be t(-1). Calculate the greatest common divisor of 36 and j.
12
Let v be ((-526)/3)/(2/(-3)). Let g be v/3 - 2/(-6). Let u(n) = -2*n + 3. Let i be u(-4). What is the highest common divisor of i and g?
11
Suppose -3*s = -2*t + 180, 0*t - 4*s = -2*t + 176. Calculate the highest common divisor of t and 144.
48
Let k = 4 + -4. Suppose k = -5*w - 0 + 10. Suppose -w*x + 180 = 44. Calculate the highest common divisor of x and 17.
17
Let m be 0 + (2 - -1) + 2. Suppose 4*t - 243 + 47 = 0. Let k = 89 - t. Calculate the greatest common divisor of m and k.
5
Let c(s) = -s + 3. Let g be c(3). Let d be (g - -5)*(2 + 0). Let u be ((-90)/7)/((-1)/7). What is the greatest common divisor of u and d?
10
Suppose -3*w + n = -3, 0 = -w + 2*w - n - 3. Let v be (w + 1 - -1) + 1. Calculate the highest common factor of v and 3.
3
Suppose 3*i - 2 - 4 = 2*a, 2*i = -2*a + 14. Let n(p) = 4*p**2 + p + 1. Let d be n(i). Let l be (d/9 - 1)*3. What is the greatest common factor of 100 and l?
20
Let j be (-97)/(-3) - (-3)/(-9). What is the highest common factor of j and 8?
8
Suppose -266 = -2*b - 8. Suppose -4*k = -b - 15. What is the highest common divisor of k and 4?
4
Suppose 0 = 5*j + 3*x - 177, -2*x - 16 + 57 = j. What is the highest common divisor of 3 and j?
3
Let v be ((-1 + 13)/(-4))/(1/(-3)). What is the greatest common divisor of v and 63?
9
Let i = -6 - -41. Calculate the greatest common factor of 14 and i.
7
Let u(h) = -2 + 3 + 0 + 7*h. Let o be u(4). Suppose -16 - o = -5*m. Calculate the greatest common divisor of m and 9.
9
Suppose 0 = -4*s + 2*n - 26, 4*n + 28 = -2*s - 0*n. Let a be 4/s - 226/(-4). Calculate the highest common divisor of 14 and a.
14
Let g(w) = w**2 - 2*w - 5. Let h be g(-2). Let s(n) = n**2 - 2. Let z be s(2). What is the greatest common divisor of h and z?
1
Suppose 5*s = 84 + 36. Let l be (s/10)/((-3)/(-60)). Calculate the highest common divisor of l and 6.
6
Let g = -112 - -342. What is the greatest common factor of 46 and g?
46
Let i(f) = 48*f. Let j be i(1). Let k = -83 - -143. Suppose 5*z - k = -0*z. What is the highest common factor of j and z?
12
Let r be (6/(-15))/(3/(-1530)). Suppose -3*f + r = 3*p - 0*f, -5*p + 2*f + 368 = 0. Calculate the greatest common factor of p and 8.
8
Suppose 0 = 5*u + 18 - 48. What is the highest common divisor of 54 and u?
6
Let b(l) = l**3 + 4*l**2 + 4*l + 5. Let g be b(-4). Let c be (-3)/((-14)/12 + 1). Let h = c + g. What is the greatest common divisor of 1 and h?
1
Suppose k = -22 + 6. Let a = 0 - k. Calculate the greatest common factor of 24 and a.
8
Let s be (39*1)/1 - 0. Suppose 4*y - s = 9. Let w(b) = b**3 + 5*b**2 - 6*b + 6. Let f be w(-5). What is the greatest common factor of y and f?
12
Let i be (-33)/(-11)*(-8)/(-6). Let f(x) = x - 3. Let a be f(4). Calculate the highest common factor of a and i.
1
Let h be 404/10 + (-6)/15. Let j = -321 + 326. What is the highest common divisor of j and h?
5
Suppose 0 = -s + 11 + 94. Let o = 188 - 4. Let v be o/12 + 2/(-6). What is the greatest common divisor of v and s?
15
Suppose 3*b - b = 0. Suppose b = i - 5*i + 20. Let f = 10 - 5. What is the greatest common divisor of i and f?
5
Let y(r) = -r**3 - 8*r**2 - 2*r - 6. Let d be y(-8). Let a be 124/d + (-6)/15. Suppose 5*c - 120 = c. What is the greatest common factor of a and c?
6
Suppose 119 = 2*x - 17. What is the highest common divisor of x and 34?
34
Let j = -1 + 4. Suppose s + 148 = 5*d + 17, -39 = -d - j*s. Let m = 161 - 158. Calculate the highest common factor of d and m.
3
Let u = 0 - -14. Suppose 5*x = -2*p + u, -p + 5*x = -8 - 14. Calculate the greatest common factor of p and 12.
12
Let y(t) = -t**3 - 4*t + 31. Let g(q) = -q - 1. Let k(r) = -5*g(r) + y(r). Let i be k(0). Calculate the greatest common divisor of 12 and i.
12
Suppose 2 = 2*b, 2*t = b + 52 + 11. Calculate the highest common divisor of 16 and t.
16
Let y(g) be the second derivative of g**4/6 + g**3/2 + 3*g**2/2 + g. Suppose -5 = 5*k + 20. Let v be y(k). What is the greatest common divisor of v and 95?
19
Let k(l) = l**2 - 4*l + 5. Let x be k(3). Calculate the highest common factor of x and 2.
2
Suppose 4*o + 56 = -4*t, -3*o - 10 = -8*t + 3*t. Let q(l) = l**2 + 19. Let r be q(o). What is the greatest common divisor of 17 and r?
17
Suppose h + 13 = 2*h - 4*l, -5*l - 19 = -4*h. Let f = 2 + h. Let y be 1*-2 - -1*5. Calculate the highest common factor of y and f.
3
Let o be 6/(-15) - 17/(-5). Suppose -x + o + 2 = 0. Suppose 107 = 3*t - 2*b, -x*t - 5*b + 19 + 201 = 0. What is the greatest common divisor of 26 and t?
13
Suppose 7*h + 38 - 101 = 0. What is the greatest common factor of 72 and h?
9
Let j = -114 - -190. Suppose -5*v + j = -4. Suppose -4*z - 5*w + 43 = 0, -w = z + 2*w - v. Calculate the greatest common factor of z and 1.
1
Let d be (3 + (-17)/4)*-4. Suppose 5*k + 96 + 4 = w, -d*w + 540 = -5*k. Calculate the greatest common factor of 10 and w.
10
Suppose -54 = 9*n - 11*n. Calculate the highest common divisor of n and 9.
9
Let f = -23 - -33. Calculate the highest common divisor of 20 and f.
10
Let y = 0 + 4. Calculate the highest common factor of y and 5.
1
Suppose -2*l = 12 - 16. Suppose 2*c + l*c = 40. Suppose 4 = -q + 14. What is the highest common factor of q and c?
10
Suppose 17 + 33 = 5*r. Suppose -3*m = 3*h + 37 - 127, -4*m + 30 = h. What is the greatest common factor of h and r?
10
Let r be 1/2 - 2727/(-54). Calculate the greatest common di